 -11 + 13. Suppose 0 = 2*d - 2, 5*u - 24 - 79 = b*d. List the prime factors of u.
3, 7
Let q(n) = -8*n**2 + 11*n**2 - 2*n**2 + 2 - n. List the prime factors of q(-5).
2
Suppose 0 = -i + 2*i - 170. List the prime factors of i.
2, 5, 17
Suppose 21*o - 16*o - 90 = 0. List the prime factors of o.
2, 3
Suppose 0 = -3*g - a - 19, -4*a + 2 = g - 2*g. Let h = 24 + g. List the prime factors of h.
2, 3
List the prime factors of (-15 - 5)*((-9)/6 + -1).
2, 5
Let u = -34 + 66. What are the prime factors of u?
2
Suppose 5*b = q + 27, 6*b - b - 3*q - 21 = 0. Suppose -z + 4*z = b. Let c = 5 - z. What are the prime factors of c?
3
Suppose 36*j + 380 = 41*j. What are the prime factors of j?
2, 19
Suppose 4*n - 24 = 156. List the prime factors of n.
3, 5
List the prime factors of (1008/9)/(-2 - -3).
2, 7
Suppose 10*l - 96 = 7*l. What are the prime factors of l?
2
Suppose 4*l = o - 11, -3*o + l - 3*l + 5 = 0. Suppose -o*a + 13 = -5. What are the prime factors of (-1 - 1) + 0 + a?
2
Suppose 0 = 3*i - 122 - 28. What are the prime factors of i?
2, 5
Let w(u) = 336*u**3 - 3*u**2 - u + 2. List the prime factors of w(1).
2, 167
Suppose 7*k - 914 = 283. List the prime factors of k.
3, 19
What are the prime factors of -4 - 506/(-5) - (-1)/(-5)?
97
Let l(x) = -6*x + 2. What are the prime factors of l(-3)?
2, 5
Let t be 10/(-45) - 119/(-9). Let x be (3/2)/((-2)/8). Let w = t + x. List the prime factors of w.
7
Let q(d) = 9*d**2 + 12*d + 9. Let f(p) = 5*p**2 + 6*p + 5. Let k(w) = -7*f(w) + 4*q(w). Let s be k(-5). List the prime factors of s/16 - 50/(-8).
2, 3
What are the prime factors of (2 + 44/(-16))*-4?
3
Let m(q) = -q**2 - 7*q - 2. Let f be (27/4)/((-6)/(-16)). Suppose c = -2*c - f. What are the prime factors of m(c)?
2
Let c(m) = -2*m**3 + 4*m**2 + 5*m + 2. List the prime factors of c(-4).
2, 3, 29
Suppose 0*d - 4*d = -4*y, 2*d = -y + 9. Suppose -d*r + 3 = -9. Suppose -r*b = -0*b - 16. What are the prime factors of b?
2
Suppose 0 = 3*x - 7*x + 48. Suppose 44 = 5*l - n - x, 20 = l + 2*n. List the prime factors of l.
2, 3
Suppose 54 - 12 = 3*y. List the prime factors of y/(-1)*5/(-10).
7
Suppose 0*g + 15 = -g. Let j be (-42)/g + 2/10. Suppose -5 = -j*h + 1. List the prime factors of h.
2
List the prime factors of 114/2 + (-2 - -4).
59
Suppose 28 = -3*c + 124. What are the prime factors of c?
2
Let u(y) = y**3 + 8*y**2 + 7*y - 12. What are the prime factors of u(-6)?
2, 3
Let g be 2/(-4) + (-7)/(-2). Let c(w) = -5*w + 5. Let k be c(1). Suppose k*p + s = -p + 10, -g*p = -5*s - 6. What are the prime factors of p?
7
Let m(i) = 3*i**2 - 3*i - 72. What are the prime factors of m(-6)?
2, 3
Let t(s) = -s**3 - 4*s**2 - 4*s - 2. Let v be t(-3). Let y = v - -3. What are the prime factors of y?
2
Suppose -m + 15 = 5*d, -m = -3*d - 3*m + 16. Let y(o) = -o - o**3 + 6 + 4*o + o**d - 4*o. What are the prime factors of y(0)?
2, 3
Let j(m) = 0*m + 10*m + 2*m**2 + 5 - m**2. Let r be j(-5). Let b = r - -32. What are the prime factors of b?
2, 3
Suppose 0 = 8*s - 1614 - 194. What are the prime factors of s?
2, 113
Let d = 9 - -60. What are the prime factors of d?
3, 23
Let a(q) be the second derivative of -q**4/12 + 5*q**2/2 + 2*q. List the prime factors of a(0).
5
Suppose -4*g = -a - 3 - 14, 0 = -4*g + 4. Let l = 19 - 0. Let p = l + a. List the prime factors of p.
2, 3
Suppose 5*q - 3*z = 57, 5*q - 13 = -2*z + 49. Suppose -4*g + 4 + 0 = -2*y, 4*y - 4*g = -q. List the prime factors of (-42)/y - 3/6.
2, 5
Suppose -4*b + 31 = -0*b + 5*y, 5*y - 11 = b. Suppose -b*p = p + 5. What are the prime factors of -4*p/1 + 2?
2, 3
Let p(q) = -q**2 - q + 3. Suppose -x = -3 - 1. Suppose -x*t - o = 1, 4*o = -7 + 3. What are the prime factors of p(t)?
3
Let g = -4 - -6. Suppose y + 3 = -g. Let z(d) = d**2 + 4*d + 6. What are the prime factors of z(y)?
11
Let m(h) be the third derivative of -h**7/840 + h**6/90 + h**4/6 + h**3/6 - h**2. Let v(u) be the first derivative of m(u). What are the prime factors of v(4)?
2
Let l = -12 + 15. Suppose -17 = -q - 3*r, -l*q = 3*r - 49 + 16. What are the prime factors of q?
2
List the prime factors of 258/9*(-3)/(-2).
43
Suppose 2*y + 0*y = 0. Let i = 5 + y. Suppose 0*w - 2*w = -k - 7, -i*w = 4*k - 11. List the prime factors of w.
3
Let d = 18 - -145. List the prime factors of d.
163
Let s(x) be the first derivative of 5/3*x**3 - 3 - x + 0*x**2. What are the prime factors of s(2)?
19
Suppose -2*x - 39 = -s, 0 = -3*s - s + x + 128. Suppose 4*d - 60 = -2*b, 3*d - b - b - s = 0. List the prime factors of d.
13
Let w = 3 - -2. Suppose -2*d = 5*r + 1 - 0, w*r - 5 = -5*d. Let a = 4 + d. What are the prime factors of a?
2, 3
Suppose 428 - 72 = 4*h. Let u = -45 + h. Suppose 5*r - u = r. What are the prime factors of r?
11
Let y = -141 - -198. List the prime factors of y.
3, 19
Let d(r) = -r**3 + 4*r**2 + 6*r - 2. Suppose q = 4*q - 15. Let w be d(q). Suppose -w*o + 26 = x, x + 2*x + 2*o = 64. List the prime factors of x.
2, 5
Let s(z) = 4*z**2 - 14*z + 41. List the prime factors of s(6).
101
Suppose t + 4*g + 0*g - 29 = 0, 2*t - 2*g - 108 = 0. What are the prime factors of t?
7
Suppose 3 + 17 = 4*o. What are the prime factors of o?
5
Suppose 2*i + 3*v - 20 = -0, 0 = i - v - 10. What are the prime factors of i?
2, 5
Let b = 15 - 9. Suppose 44 = -2*o + b*o. List the prime factors of o.
11
Let a = 310 - 112. List the prime factors of a.
2, 3, 11
What are the prime factors of (-6)/(-9) - 1144/(-12)?
2, 3
Let r(p) = p + 8. Let v be r(-8). Suppose 26 = -5*d + 3*j + 126, v = -5*d - 2*j + 125. What are the prime factors of d?
23
Suppose -x = 2*k - 427, 10*x - 11*x + 1060 = 5*k. What are the prime factors of k?
211
Let t = -3 - 10. Let d = -2 - t. Let k = -7 + d. List the prime factors of k.
2
Let g(m) = 7 + m**2 + 0 + 0*m**2. Let b be g(-6). Suppose -4*v + b = 11. List the prime factors of v.
2
Let i = 82 + -51. List the prime factors of i.
31
Let g = -44 + 47. What are the prime factors of g?
3
Suppose w - 75 = -10. What are the prime factors of w?
5, 13
Let o = -1 + -3. Let h = o - -2. List the prime factors of -2 + (-2)/h - -5.
2
Let a = 7 + -7. Suppose -20 = -3*z + u, a = -4*z - u + 38 - 9. What are the prime factors of z?
7
Let z = 56 - 31. Suppose 2*a + z = g, -5*g + 0*a = -3*a - 118. List the prime factors of g.
23
Suppose -2*q - 5*t - 21 = 0, 2*q = 3*t - 5*t - 18. Let l(u) = -u**3 - 9*u**2 - 9*u - 4. Let k be l(q). Suppose -k*h - 9 = -61. List the prime factors of h.
13
Suppose -2*r - m + 68 = -6*m, -2*m + 141 = 5*r. What are the prime factors of r?
29
Suppose 5*u = 3*q - 6*q + 40, 5*q + 3*u - 56 = 0. Suppose -4*m + q = m. List the prime factors of m.
2
Let z(x) be the second derivative of x**3/2 - 6*x**2 - 8*x. Suppose -t = -3*t + 16. List the prime factors of z(t).
2, 3
What are the prime factors of (16 - 0/(-2))/1?
2
Suppose 0*n - 18 = 3*w - 3*n, 3*w + n + 10 = 0. Let g(t) be the second derivative of -t**3/6 + t**2/2 + 3*t. What are the prime factors of g(w)?
5
Let f = -215 + 320. Suppose f = 5*n - 0*n. What are the prime factors of n?
3, 7
Let u(h) be the first derivative of 1/2*h**2 + h + 1. What are the prime factors of u(4)?
5
Let y(d) = d + 1. Suppose 0 = 5*h - 4*h. Let s be y(h). List the prime factors of 9*s - 0/(-1).
3
Let c be ((-4)/(-10))/(1/5). Suppose -3*f + c*l - 15 = -0*f, 10 = -2*f + 4*l. Let k = f + 7. What are the prime factors of k?
2
Suppose -5*z = 210 + 105. Let n = 112 + z. Let a = n - 30. List the prime factors of a.
19
Suppose -3*x = 3*m - 61 - 47, 5*m - 159 = 2*x. List the prime factors of m.
3, 11
Let m = 43 - -5. What are the prime factors of m?
2, 3
Let k(s) = s + 12. What are the prime factors of k(15)?
3
Let z(s) = -s**3 + 2*s + 2. Suppose -3*c - 2*g + 25 = 0, -4*g + 3*g = -3*c + 10. Suppose n + 4*u = c*n - 4, 3*n = -2*u - 12. What are the prime factors of z(n)?
2, 3
Let g = -181 + 357. List the prime factors of g.
2, 11
Let r(h) = -h**2 - 10*h + 6. Let o be r(-8). Suppose 3*j = i - o, 6*i + 5*j = i + 30. List the prime factors of i.
2, 5
Let a(g) = -8*g**3 + 3*g**2 + 7*g - 8. Let m(b) = -b**3 + b - 1. Let h(l) = -a(l) + 6*m(l). Suppose f + 17 - 19 = 0. List the prime factors of h(f).
2
Suppose 4*z - 210 = -34. Let b = z + -31. What are the prime factors of b?
13
Suppose 4*q = 3*p - 21, 0 = -0*q - 4*q + 2*p - 18. Let u be -2*(-1)/(-2)*q. Suppose